, 1181, 2789
List the prime factors of 82877300.
2, 5, 11, 59, 1277
List the prime factors of 3208196244.
2, 3, 11, 24304517
List the prime factors of 77357156.
2, 1511, 12799
What are the prime factors of 417376177?
439, 950743
What are the prime factors of 3421350517?
13, 223, 739, 1597
What are the prime factors of 1010996579?
17, 23, 29, 163, 547
List the prime factors of 299277.
3, 11, 3023
List the prime factors of 34234643.
251, 136393
List the prime factors of 743035.
5, 173, 859
What are the prime factors of 2391371123?
26863, 89021
List the prime factors of 70920508.
2, 317, 55931
What are the prime factors of 71932590?
2, 3, 5, 266417
List the prime factors of 2141808002.
2, 17, 62994353
List the prime factors of 1632046642.
2, 691, 1180931
List the prime factors of 12755285.
5, 2551057
List the prime factors of 21906886.
2, 19, 37, 15581
List the prime factors of 75982369.
75982369
List the prime factors of 812904816.
2, 3, 19, 31, 28753
List the prime factors of 2337823957.
7, 43, 383, 2897
What are the prime factors of 3675441799?
1031, 3564929
What are the prime factors of 2886577689?
3, 962192563
List the prime factors of 2691105288.
2, 3, 31, 73, 49549
List the prime factors of 38619603.
3, 11, 390097
What are the prime factors of 1112028663?
3, 10729, 34549
List the prime factors of 118123417.
73, 1618129
List the prime factors of 3479020083.
3, 7, 11, 5020231
List the prime factors of 36083688.
2, 3, 23, 131, 499
What are the prime factors of 14846973?
3, 61, 81131
What are the prime factors of 68246972?
2, 179, 95317
List the prime factors of 1017959660.
2, 5, 17, 71, 42169
What are the prime factors of 112645439?
2999, 37561
What are the prime factors of 186217871?
7, 26602553
List the prime factors of 86207676.
2, 3, 7183973
List the prime factors of 777025214.
2, 7, 223, 248887
What are the prime factors of 8036655061?
167, 48123683
What are the prime factors of 4528358515?
5, 593, 1527271
What are the prime factors of 609180154?
2, 11, 971, 28517
List the prime factors of 1069871978.
2, 7, 10917061
What are the prime factors of 4107227377?
11, 373384307
List the prime factors of 597160653.
3, 59, 3373789
List the prime factors of 10964357.
2113, 5189
What are the prime factors of 70017490?
2, 5, 307, 22807
What are the prime factors of 558150632?
2, 13, 53, 109, 929
What are the prime factors of 8250824?
2, 449, 2297
List the prime factors of 22707002.
2, 17, 53, 12601
List the prime factors of 5529919.
5529919
What are the prime factors of 32135727?
3, 13, 823993
What are the prime factors of 163554499?
43, 89, 42737
What are the prime factors of 47537999?
617, 77047
List the prime factors of 96336159.
3, 32112053
What are the prime factors of 78242329?
11, 7112939
What are the prime factors of 250758155?
5, 43, 71, 16427
List the prime factors of 712332907.
11, 13, 4981349
List the prime factors of 2692546353.
3, 7, 67, 70877
What are the prime factors of 4437575?
5, 139, 1277
What are the prime factors of 151479139?
7, 71, 43541
List the prime factors of 197085951.
3, 743, 29473
List the prime factors of 81582422.
2, 17, 1277, 1879
What are the prime factors of 387748152?
2, 3, 11, 41, 11941
What are the prime factors of 93290908?
2, 41, 43, 13229
What are the prime factors of 2598461?
67, 38783
What are the prime factors of 948954021?
3, 617, 512671
What are the prime factors of 55352149?
19, 2913271
List the prime factors of 1352695984.
2, 17, 61, 81527
List the prime factors of 58052886.
2, 3, 9675481
What are the prime factors of 659017935?
3, 5, 1237, 11839
List the prime factors of 398224.
2, 24889
What are the prime factors of 44846074?
2, 7, 13, 35201
What are the prime factors of 1601910909?
3, 1871, 95131
List the prime factors of 93398787.
3, 1123, 9241
List the prime factors of 113580251.
59, 191, 10079
What are the prime factors of 283186751?
199, 7151
What are the prime factors of 2893970963?
13, 997, 223283
What are the prime factors of 35963596?
2, 29, 31, 73, 137
What are the prime factors of 40500701?
97, 239, 1747
List the prime factors of 182313550.
2, 5, 19, 43, 4463
List the prime factors of 93110537.
13, 37, 193577
What are the prime factors of 80878056?
2, 3, 7, 481417
List the prime factors of 1716234920.
2, 5, 43, 997811
What are the prime factors of 8400427?
7, 1200061
List the prime factors of 1174855587.
3, 1069, 366341
List the prime factors of 2115171477.
3, 14519, 16187
What are the prime factors of 406435197?
3, 7, 149, 129893
What are the prime factors of 75216228?
2, 3, 17, 307, 1201
What are the prime factors of 482256115?
5, 11, 157, 55849
What are the prime factors of 210521115?
3, 5, 7, 17, 39313
What are the prime factors of 57916341?
3, 7, 67, 13721
What are the prime factors of 43387876?
2, 7, 17, 91151
List the prime factors of 1047446524.
2, 9173, 28547
List the prime factors of 43788121.
13, 3368317
List the prime factors of 1592976581.
7, 43, 73, 72497
List the prime factors of 193503260.
2, 5, 1013, 9551
List the prime factors of 87560044.
2, 11, 13, 153077
List the prime factors of 709112500.
2, 5, 17, 47, 71
List the prime factors of 3644968849.
29, 4334089
List the prime factors of 102240887.
7, 14605841
What are the prime factors of 4494975193?
281, 347, 46099
What are the prime factors of 730410215?
5, 67, 2180329
What are the prime factors of 50915741?
43, 457, 2591
What are the prime factors of 3156979861?
7, 179, 2519537
What are the prime factors of 23945682?
2, 3, 137, 29131
What are the prime factors of 18956495?
5, 277, 13687
List the prime factors of 2068279437.
3, 7, 449, 219353
List the prime factors of 50906558.
2, 25453279
What are the prime factors of 83559221?
83559221
What are the prime factors of 1393214051?
1393214051
What are the prime factors of 152698611?
3, 13, 19, 251, 821
List the prime factors of 892478.
2, 293, 1523
List the prime factors of 18554321.
137, 135433
What are the prime factors of 298864828?
2, 17, 647, 6793
What are the prime factors of 160664779?
11, 19, 127, 6053
List the prime factors of 156311397.
3, 11, 617, 853
What are the prime factors of 433687618?
2, 7, 13, 2382899
What are the prime factors of 887109321?
3, 7, 197, 214433
List the prime factors of 2200903138.
2, 7, 149, 1055083
List the prime factors of 10822461.
3, 13, 277499
List the prime factors of 1953897347.
211, 2311, 4007
What are the prime factors of 401275532?
2, 7, 31, 131, 3529
List the prime factors of 80220893.
80220893
What are the prime factors of 309758984?
2, 151, 256423
List the prime factors of 4563073889.
11, 3089, 134291
What are the prime factors of 300954807?
3, 43, 777661
What are the prime factors of 34799016?
2, 3, 7, 127, 233
What are the prime factors of 130682731?
829, 157639
List the prime factors of 400962816.
2, 3, 17, 29, 353
What are the prime factors of 156905273?
7, 1951, 11489
What are the prime factors of 104182290?
2, 3, 5, 17, 149, 457
List the prime factors of 120762561.
3, 37, 541, 2011
List the prime factors of 24485665.
5, 2083, 2351
What are the prime factors of 83512215?
3, 5, 206203
List the prime factors of 26476993.
67, 191, 2069
What are the prime factors of 46720631?
46720631
List the prime factors of 5134801301.
7, 919, 798197
What are the prime factors of 48189648?
2, 3, 13, 29, 2663
What are the prime factors of 24949069?
79, 315811
What are the prime factors of 1297699526?
2, 227, 2858369
What are the prime factors of 3080920952?
2, 53, 271, 26813
List the prime factors of 10590465.
3, 5, 23, 30697
List the prime factors of 533611841.
7, 97, 785879
What are the prime factors of 3998405384?
2, 499800673
List the prime factors of 85344759.
3, 117071
List the prime factors of 19412472.
2, 3, 808853
List the prime factors of 1893517609.
113, 16756793
List the prime factors of 29021849.
839, 34591
List the prime factors of 1323259009.
19, 29, 37, 47, 1381
List the prime factors of 746193475.
5, 29847739
What are the prime factors of 378893443?
8117, 46679
What are the prime factors of 70060176?
2, 3, 107, 4547
List the prime factors of 66695654.
2, 33347827
List the prime factors of 1657104654.
2, 3, 276184109
List the prime factors of 83986032.
2, 3, 13, 134593
What are the prime factors of 72874150?
2, 5, 14574